 i(c) + 4*v(c). Determine d(2).
-5
Let q(t) = 0 - 3 - 4*t + 2. Suppose -n + 7 = 6. Determine q(n).
-5
Let f(y) = -2*y + 2. Let r = 5 - 2. Let v be f(r). Let w be (2*2)/(v - -3). Let g(k) = k**2 + 6*k + 3. Give g(w).
-5
Let i(m) = -3*m**2 + 2*m - 1. Suppose -k - 2 = -5*s, k - 1 = 2. Give i(s).
-2
Suppose k = m - 5*m + 109, -m - 5*k = -13. Suppose -4*g - 16 = m. Let q = g + 6. Let u(s) = -s**3 - 6*s**2 - 5*s - 2. What is u(q)?
-2
Suppose 20 = 2*i + 8. Let j(y) = -y. Let b(g) = -1. Let a(k) = 2*b(k) - j(k). Determine a(i).
4
Let w(y) = -4*y + 12. Let t(c) = c - 3. Let s(k) = -9*t(k) - 2*w(k). Let x be -3*(-1)/3 + -1. Calculate s(x).
3
Let q(t) = 6*t - 4*t**2 - 3 + 5*t**2 + 4*t - 5*t. Give q(-6).
3
Let n(y) = -148*y - 2 + 147*y - 2. What is n(5)?
-9
Let b(w) = -3*w + 10 - 6 + 0*w. What is b(4)?
-8
Let p(q) = -7*q - 2. Let y = 142 - 140. Determine p(y).
-16
Let h(q) = 7*q**2 + 4*q - 5. Let z(j) = -6*j**2 - 3*j + 4. Let b(y) = 4*h(y) + 5*z(y). Calculate b(-1).
-3
Let k(o) = -o + 2. Let y be 0/1*7/(-14). Let c be -1 + y - 1 - -3. Determine k(c).
1
Suppose -2*k = -q - 5, -2*q = -5*k + 13 - 0. Let p(j) = 5 + 2*j - 4*j**3 - 9 - 2*j**2 - 2*j**3 + 3. Calculate p(q).
-7
Let r(u) = u - 5. Suppose -y - 5 = -2*l + 9, -4*l = -5*y - 34. Let j = 11 - l. What is r(j)?
0
Let u(p) be the third derivative of -7*p**4/24 + 17*p**2. What is u(1)?
-7
Let x(g) = -g**3 - 6*g**2 + 9*g + 4. Let w be x(-7). Let a(v) = v**3 + 10*v**2 + 12. Determine a(w).
12
Let z = -16 + 16. Let l(i) = -i + 6. Determine l(z).
6
Let w(i) be the third derivative of i**4/2 - i**3/6 + i**2 - 3*i. Calculate w(2).
23
Let g(n) be the second derivative of -n**6/240 + n**5/20 + 5*n**4/6 - 6*n. Let b(t) be the third derivative of g(t). What is b(4)?
-6
Let v(q) = -q + 2. Let u be (1 + 0)*3 - 9/1. Give v(u).
8
Let v(h) = h - 2. Let u be (-14)/(-8) + 1/4. Let g be v(u). Let b(s) = -s**2 + 1 + 0*s - 1 - s + 5. Determine b(g).
5
Let z(b) = -2*b - 7. Suppose -4 = -f + 3*f. Let s be (-1)/(1 + f)*-5. Determine z(s).
3
Let o(r) = r**2 + 3*r - 8. Let q be o(-6). Let u(m) = m - 4 - m + q - m. Give u(5).
1
Let p(v) = -2*v - 4*v - 1 + 1 - 3. Determine p(-2).
9
Suppose 0 = 2*b - 6*b + 8. Suppose 3*f - 3 = b*f. Let p(i) = i**3 - 4*i**2 + 4*i - 4. Give p(f).
-1
Let n(k) be the third derivative of 2/3*k**3 + 0*k + 0 + k**2 + 1/12*k**4. What is n(-3)?
-2
Suppose -1 - 3 = a. Let q(h) be the first derivative of -h**5/120 + 2*h**3/3 + 2. Let w(s) be the third derivative of q(s). Determine w(a).
4
Let v be (-12 + 6)*(-2)/4. Let j be 4/((-8)/v)*-2. Let m(f) = f - 1. Give m(j).
2
Let m(a) = 2*a**2 + a - 2. Suppose 0 = 3*s + 20 - 2. Let v be ((-8)/s)/(6/(-9)). What is m(v)?
4
Suppose 0 = -u - 0 + 1. Let l(f) = f**2. Determine l(u).
1
Suppose 12 = 4*l, 2*f = 7*f - 4*l - 28. Let z(r) = -r**2 + 8*r + 6. Give z(f).
6
Let b(r) = -4 - 2*r + 3 - 1. Calculate b(-4).
6
Let q be -2*(-3)/4*4. Let b be ((-2)/q)/((-2)/(-6)). Let g(n) = 8*n + 2. Let r(x) = 9*x + 3. Let m(c) = 3*g(c) - 2*r(c). What is m(b)?
-6
Let s(k) = k + 1. Suppose -5*d = -3*x, 0 = 4*d + 3*x - 2*x. Let a be (-29)/(-3) + 6/(-9). Let g be d - 12/a*-3. Calculate s(g).
5
Let k = 45 + -40. Let f(r) = -r - 6. Give f(k).
-11
Let l be (2 + -4)*(-11 - -12). Let v(f) = 2*f**2 - 1. Calculate v(l).
7
Let d be (1 + -3)/(9 - 259/28). Let t(g) = g**2 - 8*g. Determine t(d).
0
Let b(c) be the first derivative of 2*c**3/3 + c + 6. What is b(-1)?
3
Let s be (-8)/5 + 4/(-10). Let y = -1 + s. Let i(b) = b**3 + 2*b**2 - b - 1. Give i(y).
-7
Let m(k) = k**3 - k**2 + k + 5. Let r(h) be the second derivative of h**3/6 + 3*h**2 + 3*h. Let o be r(0). Let n(v) = -v + 6. Let f be n(o). Give m(f).
5
Let n(g) = -g**2 - 4*g + 6. Let p = 1 - -1. Suppose 0 = -3*o + 2*a - 22, -5*o - 24 = a + p*a. Let t(i) = i**2 + 8*i + 7. Let j be t(o). Give n(j).
1
Suppose 0*x + 4*a + 6 = -x, 0 = 2*x + 4*a + 4. Let f(m) = -1 - x*m**2 + 3*m**2 + 3*m - 6*m + 2. Give f(3).
1
Let m(c) = 6*c + 0*c - 2 - 3*c. What is m(3)?
7
Let i(v) = v. Let o = 9 - 3. Let d(p) = -4*p. Let l(b) = o*d(b) + 33*i(b). Calculate l(1).
9
Let t(d) = d**2 - 5*d - 2. Suppose 0*w - 6 = -w. Calculate t(w).
4
Let a(h) be the first derivative of h**2/2 + 3*h - 9. Give a(-2).
1
Suppose -2*h = 3*h - 10. Let q(p) = 6*p - 16*p**h + 7*p**2 - p**3 + 14*p**2 - 2. Determine q(6).
-2
Let d be 6*(-5)/(-15)*-2. Let p(i) = i + 2. Determine p(d).
-2
Let z(u) = -u**3 + 5*u**2 - 6*u + 9. Let l be z(4). Let b(t) = 10*t. Calculate b(l).
10
Suppose -16 = -2*j - 26. Let f(r) = -r - 6. Determine f(j).
-1
Suppose 3*u - 8 = u. Let b(x) be the second derivative of -x**3/3 + x**2/2 - 11*x. Determine b(u).
-7
Let v(j) = 0*j + j**3 - 20*j**2 + 2 + j + 15*j**2. Determine v(4).
-10
Let q(i) = 3*i + 6*i + i - i + 1. Determine q(1).
10
Suppose 4*f + f = -5. Let z(q) = -12*q**3 - q**2 + 5*q + 5. Let j(a) = -11*a**3 - a**2 + 4*a + 4. Let y(d) = -5*j(d) + 4*z(d). Calculate y(f).
-6
Let d(t) = -t**3 + 7*t**2 - 2*t + 2. Let k = 62 + -56. Calculate d(k).
26
Let a(r) = r**2 + r - 1. Let o(w) = 5*w**2 + 4*w - 6. Let v(h) = -11*a(h) + 2*o(h). Suppose 0 = -g + 4*g + 6. Give v(g).
1
Let o(a) be the third derivative of 0*a - 11/120*a**6 + 0 - a**2 - 1/24*a**4 - 1/6*a**3 + 0*a**5. Calculate o(-1).
11
Suppose 0*u = -4*k + 5*u - 12, -k + 2*u - 6 = 0. Let d be 20/8 - k/(-4). Let n(b) = -b**2 - 2*b**d - b - 3*b**2 - 1 + 4*b**2. Determine n(-1).
2
Let h(i) be the third derivative of -i**3/3 + 8*i**2. Let s(b) = -b - 6. Suppose 4*u - 12 = 0, -n = 2*u - 6*u + 20. Let c(y) = n*h(y) + 3*s(y). Calculate c(2).
-8
Let j(d) = 6*d**2 + 7*d + 7. Let h(n) = -n**2 - 1. Let w(k) = 5*h(k) + j(k). What is w(-6)?
-4
Let w(j) = 7*j**2 - 3*j + 8. Let q(b) = -3*b**2 + 2*b - 4. Let t(u) = 5*q(u) + 2*w(u). Calculate t(5).
-9
Let n = -22 + 39. Let g = n + -11. Let r(a) = a - 11. What is r(g)?
-5
Let l(i) be the second derivative of i**5/20 - i**4/4 - 7*i**3/6 - i. Let a(b) = -b**2 - 15*b - 9. Let k be a(-14). Give l(k).
15
Let c(v) be the third derivative of -v**6/120 - v**5/20 - v**4/24 + v**3/3 - 6*v**2. What is c(-3)?
5
Suppose 0 = a + 2*u - 7, -u + 3 = -a + 1. Let o(m) = -15*m**3 + m**2. Calculate o(a).
-14
Let p be (4 - 4 - 3) + 4. Let o(v) = -3*v - v**2 + 3 - 4*v**2 + p - v**3. Suppose -9 = -0*u + 3*u. What is o(u)?
-5
Let r(l) = -20*l**2 - 5*l - 2. Let z(x) = 9*x**2 + 2*x + 1. Let q(w) = -6*r(w) - 13*z(w). Calculate q(-3).
14
Let s(m) = 22*m**2. Suppose -6 - 14 = 20*y. Determine s(y).
22
Let f(j) = -j + 1. Let c be 2 + (-2)/(-2) + -1. Let n(m) = -3*m + 2. Let v be n(c). Let g(l) = -2*l + 4. Let k(x) = v*f(x) + g(x). Determine k(-2).
-4
Suppose v + 2*i = -8, v + 5*i + 23 = -0*v. Let l(j) = j + 0 - 4*j**v + 3 + 0 - j**3. Give l(-4).
-1
Let c(s) = 0 - 2*s - 2*s + 3*s + 13. Give c(12).
1
Suppose 4*a - 9 - 11 = -v, 4*v = 2*a - 10. Let w = 2 + 0. Let j(x) = -3 + 5 - 5 - w*x + 4. What is j(a)?
-9
Let c(q) = 1 + 1 - 1 + 8*q. Let p(x) be the third derivative of x**5/60 - x**4/6 - 2*x**3/3 - 2*x**2. Let d be p(5). Give c(d).
9
Let r(p) = -2*p**3 - 4*p**2 + p. Let o = 153 - 156. What is r(o)?
15
Let g(m) be the third derivative of -m**5/60 + m**4/6 + m**3/2 + m**2. Let o = -13 - -4. Let u be 2 - (o/(-3) + -4). Calculate g(u).
6
Suppose -2*s - 8 = -k, 2*s - 5*k = 6*s - 12. Let d(w) = 2*w**2 + 3*w. Let u be d(s). Suppose -2*y - 2 = u. Let l(h) = 2*h**3 + 3*h**2 + h + 1. Give l(y).
-5
Let i be 2/7 - (-160)/28. Let f = -8 + i. Let x(y) = -y**2 - 4*y - 2. Determine x(f).
2
Let o(y) = y**2 + 1. Let g be o(-1). Let j(i) = -g*i + 0*i - 4*i - i - 1. Give j(-1).
6
Let n(w) = -w**2 + 6*w - 8. Let m be n(4). Let s(a) = -a + 5. Determine s(m).
5
Let b be (-36)/(-21)*(35/(-2))/(-5). Let q(h) = -h**2 + 11*h - 5. Determine q(b).
25
Let l(z) be the first derivative of -z**4/4 - z**3/3 + z**2 - z + 1. Let i = 4 - 8. Let o = i + 2. What is l(o)?
-1
Let h(s) = 2*s**2 - s + 1. Let r(x) = x**2 + 3*x - 2. Let q be r(-4). Let i(n) = n - 1. Let d be i(q). Give h(d).
2
Let r(z) = -z**3 + 7*z**2 - 4*z - 8. Let f(b) = 3*b**3 - 21*b**2 + 12*b + 23. Let m(y) = -3*f(y) - 8*r(y). Let i(c) = c + 11. Let w be i(-5). Give m(w).
7
Let f(i) = -3*i + 6. Let w(u) = u - 3. Let o(s) = -5*f(s) - 9*w(s). What is o(2)?
9
Let o(y) = -1 + 5*y**2 + 6*y + 4 - 5*y**2 - y**2. Calculate o(4).
11
Let q(b) = -17*b + 21. Let v(l) = -8*l + 10. Let i(c) = -4*q(c) + 9*v(c). L